it of 65948414/5194 - (-2)/(-53)?
6
Suppose -3*w - 2*g + 3175 = -4*g, 4*w - 4238 = 5*g. Suppose w = 8*r - 1847. Let y = 561 - r. What is the tens digit of y?
9
Let n = 4 + -4. Suppose -4*s + 4760 = 22*c - 23*c, -3*s + c + 3569 = 0. Suppose 13*d - s - 1370 = n. What is the tens digit of d?
9
Suppose -41 = -4*o - 33. Suppose 1242 = 4*f + o*i, 211 + 110 = f + 4*i. What is the units digit of f?
9
Let w = -181 - -185. What is the units digit of 1832/16*(-2 + w)?
9
Suppose 5*m = 4*g - 32955, m = 3*g + 9129 - 33837. What is the units digit of g?
5
Let m be 2/10*-1 + 260/50. Suppose -m*x + 2*s - 104 = -1203, 0 = -3*x - 5*s + 647. Suppose 11*g - 441 - x = 0. What is the units digit of g?
0
Let q = 17 + -33. What is the units digit of (q/(-6) - 3)/((-2)/42)?
7
Let c(p) = p**3 - 22*p**2 - 18. Let t be c(22). What is the hundreds digit of 240 - (-36)/(-2)*t/(-108)?
2
Let n = 7180 + -2566. What is the thousands digit of n?
4
Let g = -15112 - -28535. What is the hundreds digit of g?
4
Let k be ((-4)/12 + 4/(-4))*-3. Suppose -5*l = k*r - 233 - 876, 5*l = -r + 266. What is the hundreds digit of r?
2
Suppose 2*q - 22333 = -3*m, -2*m + 2*q = -20419 + 5517. What is the hundreds digit of m?
4
Let t = -24269 - -37731. What is the tens digit of t?
6
Suppose -n = 3*w, 7*n - 4*n = -3*w. Suppose -2*p + 8*p - 132 = w. What is the tens digit of 5*4/(-110) + 2138/p?
9
Let x(v) = v - 6. Let j be x(-2). Let w(u) = 3*u**2 - 8*u + 15. What is the hundreds digit of w(j)?
2
Suppose -h = -5*y - 253, 6*h - h - 5*y - 1165 = 0. Suppose 2*i + 5*o = -51, -18 = -5*i + 4*o - h. Let q = -30 - i. What is the units digit of q?
8
Let p(v) = 16*v - 20. Let d be p(3). Suppose d*j - 31*j = -1341. What is the tens digit of j?
4
Suppose 4*s - 194 = -5*u, 2*u + 88 = 2*s - 0*u. Suppose s*j - 50*j = 0. Suppose -4*c + 409 - 149 = j. What is the units digit of c?
5
Let l be -12*1/10*(-10)/3. Suppose 0*n = 5*c + 2*n + l, 4*c + n + 2 = 0. Suppose -162 = -c*j - 3*j. What is the tens digit of j?
5
Let q = 28348 - -1351. What is the hundreds digit of q?
6
Let p(w) = 3*w**2 - 2*w + 4. Let s be p(5). Let o be ((2/(-3))/1)/(23/s). What is the tens digit of (-4 - o - -3)*91?
9
Let z(p) = p + 80. Let w be 50*(19/(-95) + 3/5). What is the units digit of z(w)?
0
Suppose 2*h + 113 - 427 = -4*u, u - 89 = 3*h. Suppose -4*r = -2*r - u. Suppose -2*t + 64 = -r. What is the tens digit of t?
5
Let b(z) = -z**3 + 16*z**2 + 8*z + 10. Let m be b(13). Suppose 5*v = -594 - m. Let i = v - -510. What is the hundreds digit of i?
2
Let g(i) = 281*i**2 - 355*i + 12. What is the units digit of g(-6)?
8
Let v(s) = -2*s - 11. Suppose 0 = -3*n + 9, -4*m + n - 25 = 2*n. Let i be v(m). Suppose -4*o = -i*l - 146, -4*l = 3*o + 2*o - 198. What is the units digit of o?
8
Suppose -2*s + 35 = 31. Suppose s*y - 3*k - 21 = -y, 0 = -3*y + k + 17. Suppose 0 = 2*w + 1 + 3, y*w = 3*q - 127. What is the units digit of q?
9
Let k(l) = -l**3 + 9*l**2 - 7*l + 1. Let g be k(8). Suppose 3*j = g - 3. Suppose -j*z + 37 + 201 = 0. What is the units digit of z?
9
Suppose -115 - 5 = -5*g. Let x(v) = -v**2 + 33*v + 31. What is the hundreds digit of x(g)?
2
Let k(t) = 2*t + 54. Let s be k(-21). Suppose -s*r + 4981 = 5*r. What is the tens digit of r?
9
Let d = 18817 - 10574. What is the thousands digit of d?
8
Let d(w) = w + w - 2*w + 5*w - 1 + 6*w**2. Let v be d(-1). Let r(c) = -5*c + 26. What is the units digit of r(v)?
6
Suppose -2*h - 3795 = -7*h - 4*q, h - 5*q - 759 = 0. Let s = -342 + h. Suppose -68*m - s = -71*m. What is the tens digit of m?
3
Suppose -294 = -2*m - m. Suppose -4*o = -5*n + 171, 2*n + 5*o - 54 = 3*o. Suppose -z + n = -m. What is the hundreds digit of z?
1
Let m(i) = i**3 - 2*i + 2. Let a be m(2). Suppose 145 = -2*t - 27*t. Let s = a - t. What is the units digit of s?
1
Let q = 54 - 47. Let b(f) = 14*f - q*f**2 - 3 - f**3 - 11*f + f. What is the tens digit of b(-8)?
2
Let n(j) = -17162*j**3 - 3*j**2 - 2*j + 2. What is the thousands digit of n(-1)?
7
Suppose 21356110 + 35726497 + 2976841 = 808*i. What is the ten thousands digit of i?
7
Let g(q) = q**3 - 7*q**2 + 5*q + 4. Let b be g(6). Let w(i) = 3*i**2 - 3*i - 5. Let m be w(b). Suppose -m*k + 18*k = 200. What is the units digit of k?
0
What is the hundreds digit of -14 - (-195 + (7 - 5))?
1
Let s = -13 - -80. Let v = s + 235. What is the hundreds digit of v?
3
Suppose b + 44 = -3*b + 4*p, -2*b - 32 = -4*p. Let u be (-2)/(-4) - b/4. What is the tens digit of ((-268)/(-8) + 7)/(1/u)?
8
Suppose 8*z - 16080 = -8*z. Suppose z = 4*h - 3051. What is the thousands digit of h?
1
Suppose 9*d = 450 + 378. Suppose 4*m - 968 = -2*j + d, 3*m + 5*j = 809. What is the units digit of m?
3
Suppose 0 = -t - 2*t. Suppose q + 3*j - 13 + 1 = 0, -4*q - 5*j + 27 = 0. Suppose q*y - 405 - 66 = t. What is the units digit of y?
7
Let x(r) = 10*r**2 + r + 3. Let i be x(-1). Suppose -i*t + 11 = -73. Suppose 223 = t*z - 92. What is the units digit of z?
5
Let f = 1172 - 699. Suppose -4*d = -3*v - 182 - 205, 0 = -5*v - 5. Suppose -l + i + d = -i, -5*l + 3*i = -f. What is the tens digit of l?
9
Let k(x) = 3*x**3 + 169*x**2 - 55*x - 409. What is the thousands digit of k(-56)?
5
Suppose -82*t = -6*t + 36*t - 1211056. What is the ten thousands digit of t?
1
Let l be (-456 + 2)/(-2 + 4). Let w = 748 + l. Let n = -277 + w. What is the units digit of n?
4
What is the units digit of ((-2928)/15*53)/(6/(-30))?
8
What is the tens digit of (-4574)/(-2) + 6 - 13?
8
Suppose -4*l - 19 + 0 = -c, -3*c = 3*l + 18. Let t(i) = 4*i - 107. Let s(h) = 3*h - 107. Let g(w) = l*s(w) + 4*t(w). What is the tens digit of g(0)?
0
Let w = 25 + -21. Let f be (-2*w/(-10))/(3/15). Suppose 3*c - 55 = -f*s, -2*s + 38 = 5*c - 77. What is the tens digit of c?
2
Suppose -4*n - 2996 = -5*y, -4*y + 1034 + 1364 = -2*n. Suppose -30*j + 29*j = -y. What is the tens digit of j?
0
Let y(z) = -22*z**3 + 5*z**2 + 44*z + 289. What is the ten thousands digit of y(-8)?
1
Suppose 6*h + 276 = -4*q + 7*h, q = h - 69. Let d = -65 - q. What is the units digit of (-1*d)/(14/(-777))?
2
Let k(m) = m**2 + 4*m + 4. Let z be k(-4). Suppose -4*p - 656 = -7*r + 2*r, 527 = z*r - p. What is the hundreds digit of r?
1
Let u(t) = 3 - 10 + 5*t**2 + 5 + 14*t + 9 - t**3. Let j be u(7). Suppose -2238 = -j*o - 586. What is the tens digit of o?
3
Suppose 15 = 4*u - 3*q - 12, -3*u - q + 4 = 0. Let j be (u/6)/(1/(-160)). Let a = -76 - j. What is the units digit of a?
4
Suppose -g + 21 = 4*h, -h + 22 = 4*g - 2. Let a be h/16 + 27/(-12). What is the hundreds digit of (a/(-5) - 0)*365?
1
Let x(u) be the third derivative of 1/30*u**5 + 0 - 5*u**2 - 5/24*u**4 - 11/6*u**3 + 0*u. What is the units digit of x(6)?
1
Let p(l) = l**2 + 13*l - 24. Let c be p(-15). Suppose c = s + 2*s. Suppose g - 145 = -s*h + 257, 5*g = 20. What is the tens digit of h?
9
Suppose -8*i = -119 + 199. Let s(b) = -b**3 - 12*b**2 - 25*b + 9. What is the tens digit of s(i)?
5
Suppose -55 = 3*t - 14*t. Suppose 0 = t*i + x - 1239, -4*i + 7*x + 996 = 3*x. What is the hundreds digit of i?
2
Let l(g) = -g**2 + 6*g. Let s be l(0). Suppose 5*u + 8 + 24 = 4*k, s = -4*k - 2*u + 4. What is the units digit of 6/(-99)*k - 838/(-11)?
6
Let f(d) = -247*d + 99. Let a be f(6). Let r = a - -2551. What is the units digit of r?
8
Suppose 5*x + 4*s - 61 = 0, -x - s + 2*s = -5. Suppose -x*u + 20 = u. Suppose 5*l - u*b = 729, -7*b + 427 = 3*l - 3*b. What is the tens digit of l?
4
Let j(h) = -670*h - 16. Let l(c) = 1005*c + 24. Let u(m) = -8*j(m) - 5*l(m). What is the hundreds digit of u(1)?
3
Suppose 8*g = 7*g - n + 4, 0 = 2*g - n - 2. Suppose g*y - 491 = -5. What is the units digit of y?
3
Let g(d) = 150*d**3 - 2*d**2 + 4*d**2 - 3*d - 2*d**2 - 149*d**3 + 486. What is the tens digit of g(0)?
8
Suppose -10*d + 14*d - 16 = 0. Suppose -4*i = i + 3*n - 364, 4*i - d*n = 272. What is the tens digit of i?
7
Let t be -3 - (119/85)/((-1)/5). Suppose 6*s - 10*s + 752 = 2*d, d = t*s + 358. What is the tens digit of d?
7
Let c = 8768 - 4710. What is the units digit of c?
8
Let w(j) = -j**3 - 6*j**2 - 11*j + 4. Let i be w(-4). What is the units digit of i/40 - (-10926)/10?
3
Let a = -1202 - -2211. Suppose -w + a + 50 = 5*h, -4*w + 4302 = -2*h. What is the units digit of w?
4
Let n = 6119 - -3491. What is the hundreds digit of n?
6
Let l be -125 + -3 + 2 + -2